{"id":96222,"date":"2023-11-12T23:27:28","date_gmt":"2023-11-12T23:27:28","guid":{"rendered":"https:\/\/www.3p-gmbh.de\/produkt\/encadernadora-de-argolas-e-calendario-encadernadora-de-arame-renz-mobi-500-com-cabide-de-calendario-ka-300\/"},"modified":"2023-11-12T23:27:28","modified_gmt":"2023-11-12T23:27:28","slug":"anel-livro-calendario-maquina-de-encadernacao-com-fio-renz-mobi-500-com-calendario-cabide-ka-300","status":"publish","type":"product","link":"https:\/\/www.3p-gmbh.de\/pt-br\/produkt\/anel-livro-calendario-maquina-de-encadernacao-com-fio-renz-mobi-500-com-calendario-cabide-ka-300\/","title":{"rendered":"Encadernadora de argolas e calend\u00e1rio &#8211; Encadernadora de arame RENZ Mobi 500 com cabide de calend\u00e1rio KA 300"},"content":{"rendered":"<p><strong>Encadernadora de an\u00e9is e encadernadora de calend\u00e1rios RENZ Mobi 500 com cabide para calend\u00e1rios KA 300 para alimenta\u00e7\u00e3o autom\u00e1tica de ganchos para calend\u00e1rios de 80 a 300 mm de comprimento<\/strong><br \/>\n<strong>Ano de constru\u00e7\u00e3o 07-2016<\/strong><br \/>\n<strong>em \u00f3timo estado <\/strong><\/p>\n<p>&#8211; M\u00e1ximo. Formato: 500 x 500 mm<br \/>\n&#8211; Min. Formato: 90 x 90 mm<br \/>\n&#8211; Di\u00e2metros a serem amarrados: 3\/16&#8243; &#8211; 1 1\/4&#8243; (3 ferramentas est\u00e3o inclu\u00eddas)<br \/>\n&#8211; Passo 3:1 + 2:1 (ambas as rodas dentadas inclu\u00eddas)<br \/>\n&#8211; Sa\u00edda de ciclo mec\u00e2nico com ajuste vari\u00e1vel de 100 a 1.200 ciclos\/h<br \/>\n&#8211; Possibilidade de encaderna\u00e7\u00e3o de blocos e calend\u00e1rios com cabide<br \/>\n&#8211; Tela sens\u00edvel ao toque com orienta\u00e7\u00e3o ao usu\u00e1rio<br \/>\n&#8211; Processo de troca totalmente autom\u00e1tico para formato de papel e di\u00e2metro de encaderna\u00e7\u00e3o<br \/>\n&#8211; Entrega de caixa com altura ajust\u00e1vel<br \/>\n&#8211; Tempo de configura\u00e7\u00e3o da m\u00e1quina: aprox. 5 a 10 minutos<br \/>\n&#8211; Esta\u00e7\u00e3o de suspens\u00e3o para o material de encaderna\u00e7\u00e3o pr\u00e9-perfurado<br \/>\n&#8211; Dispositivo de eleva\u00e7\u00e3o para trocas de bobina r\u00e1pidas e f\u00e1ceis para o operador<br \/>\n&#8211; Cargas conectadas: 230\/400 V, 50 Hz<br \/>\n&#8211; Dimens\u00f5es da m\u00e1quina: C x L x A 220 x 75 x 205 cm<br \/>\n&#8211; Dimens\u00f5es do display da caixa: C x L 60 x 55 cm<br \/>\n&#8211; Peso: 640 kg<\/p>\n","protected":false},"excerpt":{"rendered":"<p>Encadernadora de an\u00e9is e encadernadora de calend\u00e1rios RENZ Mobi 500 com cabide para calend\u00e1rios KA 300 para alimenta\u00e7\u00e3o autom\u00e1tica de ganchos para calend\u00e1rios de 80 a 300 mm de comprimento Ano de constru\u00e7\u00e3o 07-2016 em \u00f3timo estado &#8211; M\u00e1ximo. Formato: 500 x 500 mm &#8211; Min. Formato: 90 x 90 mm &#8211; Di\u00e2metros a serem [&hellip;]<\/p>\n","protected":false},"featured_media":94877,"template":"","meta":[],"product_brand":[],"product_cat":[2856],"product_tag":[],"class_list":{"0":"post-96222","1":"product","2":"type-product","3":"status-publish","4":"has-post-thumbnail","6":"product_cat-maquinas-de-encadernacao-de-fios","7":"pa_hersteller-renz","8":"pa_typ-ka-300","9":"pa_typ-mobi-500","11":"first","12":"instock","13":"taxable","14":"shipping-taxable","15":"product-type-simple"},"jetpack_sharing_enabled":true,"_links":{"self":[{"href":"https:\/\/www.3p-gmbh.de\/pt-br\/wp-json\/wp\/v2\/product\/96222","targetHints":{"allow":["GET"]}}],"collection":[{"href":"https:\/\/www.3p-gmbh.de\/pt-br\/wp-json\/wp\/v2\/product"}],"about":[{"href":"https:\/\/www.3p-gmbh.de\/pt-br\/wp-json\/wp\/v2\/types\/product"}],"wp:featuredmedia":[{"embeddable":true,"href":"https:\/\/www.3p-gmbh.de\/pt-br\/wp-json\/wp\/v2\/media\/94877"}],"wp:attachment":[{"href":"https:\/\/www.3p-gmbh.de\/pt-br\/wp-json\/wp\/v2\/media?parent=96222"}],"wp:term":[{"taxonomy":"product_brand","embeddable":true,"href":"https:\/\/www.3p-gmbh.de\/pt-br\/wp-json\/wp\/v2\/product_brand?post=96222"},{"taxonomy":"product_cat","embeddable":true,"href":"https:\/\/www.3p-gmbh.de\/pt-br\/wp-json\/wp\/v2\/product_cat?post=96222"},{"taxonomy":"product_tag","embeddable":true,"href":"https:\/\/www.3p-gmbh.de\/pt-br\/wp-json\/wp\/v2\/product_tag?post=96222"}],"curies":[{"name":"wp","href":"https:\/\/api.w.org\/{rel}","templated":true}]}}

Encadernadora de argolas e calendário &#8211; Encadernadora de arame RENZ Mobi 500 com cabide de calendário KA 300

<p><strong>Encadernadora de anéis e encadernadora de calendários RENZ Mobi 500 com cabide para calendários KA 300 para alimentação automática de ganchos para calendários de 80 a 300 mm de comprimento</strong><br />
<strong>Ano de construção 07-2016</strong><br />
<strong>em ótimo estado </strong></p>
<p>&#8211; Máximo. Formato: 500 x 500 mm<br />
&#8211; Min. Formato: 90 x 90 mm<br />
&#8211; Diâmetros a serem amarrados: 3/16&#8243; &#8211; 1 1/4&#8243; (3 ferramentas estão incluídas)<br />
&#8211; Passo 3:1 + 2:1 (ambas as rodas dentadas incluídas)<br />
&#8211; Saída de ciclo mecânico com ajuste variável de 100 a 1.200 ciclos/h<br />
&#8211; Possibilidade de encadernação de blocos e calendários com cabide<br />
&#8211; Tela sensível ao toque com orientação ao usuário<br />
&#8211; Processo de troca totalmente automático para formato de papel e diâmetro de encadernação<br />
&#8211; Entrega de caixa com altura ajustável<br />
&#8211; Tempo de configuração da máquina: aprox. 5 a 10 minutos<br />
&#8211; Estação de suspensão para o material de encadernação pré-perfurado<br />
&#8211; Dispositivo de elevação para trocas de bobina rápidas e fáceis para o operador<br />
&#8211; Cargas conectadas: 230/400 V, 50 Hz<br />
&#8211; Dimensões da máquina: C x L x A 220 x 75 x 205 cm<br />
&#8211; Dimensões do display da caixa: C x L 60 x 55 cm<br />
&#8211; Peso: 640 kg</p>

<p>Encadernadora de anéis e encadernadora de calendários RENZ Mobi 500 com cabide para calendários KA 300 para alimentação automática de ganchos para calendários de 80 a 300 mm de comprimento Ano de construção 07-2016 em ótimo estado &#8211; Máximo. Formato: 500 x 500 mm &#8211; Min. Formato: 90 x 90 mm &#8211; Diâmetros a serem [&hellip;]</p>
