{"id":93507,"date":"2019-07-11T13:54:54","date_gmt":"2019-07-11T13:54:54","guid":{"rendered":"https:\/\/www.3p-gmbh.de\/produkt\/linha-polar-mohr-92-ed-half-format-snow\/"},"modified":"2019-07-11T13:54:54","modified_gmt":"2019-07-11T13:54:54","slug":"linha-de-corte-de-meio-formato","status":"publish","type":"product","link":"https:\/\/www.3p-gmbh.de\/pt-br\/produkt\/linha-de-corte-de-meio-formato\/","title":{"rendered":"Linha Polar Mohr 92 ED Half Format Snow"},"content":{"rendered":"<p>Fresa de alta velocidade Polar 92 ED<\/p>\n<ul>\n<li>Ano de fabrico 2001<\/li>\n<li>Largura de corte: 92 cm<\/li>\n<li>Controlo do programa ED<\/li>\n<li>Barreira de luz, mesa de ar cromada<\/li>\n<li>2 mesas de apoio Resophal 75x100cm com cantos de transfer\u00eancia<\/li>\n<li>Tampa da mesa traseira<\/li>\n<\/ul>\n<p>Polar RA-2 com rolo de descarga pneum\u00e1tico e batentes de dobragem pneum\u00e1ticos<\/p>\n<ul>\n<li>Ano de fabrico 2000<\/li>\n<li>Superf\u00edcie da mesa revestida a a\u00e7o inoxid\u00e1vel 72 x 87 cm<\/li>\n<li>Altura m\u00ednima da camada 30 mm<\/li>\n<li>Altura m\u00e1xima da camada 165 mm<\/li>\n<li>Altura da mesa 860 &#8211; 950 mm<\/li>\n<li>Necessidade de ar comprimido a 6 &#8211; 8 bar aprox. 2L\/min<\/li>\n<\/ul>\n<p>Como op\u00e7\u00e3o: elevador empilh\u00e1vel Polar Mohr LW 450<\/p>\n<ul>\n<li>Banheira (dimens\u00f5es interiores) 62 x 90 cm<\/li>\n<li>Curso at\u00e9 85 cm<\/li>\n<li>Altura (no curso m\u00e1ximo) 150 cm<\/li>\n<li>Capacidade de carga m\u00e1xima 450 kg<\/li>\n<\/ul>\n","protected":false},"excerpt":{"rendered":"<p>Fresa de alta velocidade Polar 92 ED Ano de fabrico 2001 Largura de corte: 92 cm Controlo do programa ED Barreira de luz, mesa de ar cromada 2 mesas de apoio Resophal 75x100cm com cantos de transfer\u00eancia Tampa da mesa traseira Polar RA-2 com rolo de descarga pneum\u00e1tico e batentes de dobragem pneum\u00e1ticos Ano de [&hellip;]<\/p>\n","protected":false},"featured_media":65898,"template":"","meta":[],"product_brand":[],"product_cat":[3017],"product_tag":[],"class_list":{"0":"post-93507","1":"product","2":"type-product","3":"status-publish","4":"has-post-thumbnail","6":"product_cat-maquinas-de-corte","7":"pa_baujahr-153","8":"pa_hersteller-polar-mohr","9":"pa_typ-polar-92-ed-mit-ruettler-ra-2-und-lift","11":"first","12":"instock","13":"sold-individually","14":"taxable","15":"shipping-taxable","16":"purchasable","17":"product-type-simple"},"jetpack_sharing_enabled":true,"_links":{"self":[{"href":"https:\/\/www.3p-gmbh.de\/pt-br\/wp-json\/wp\/v2\/product\/93507","targetHints":{"allow":["GET"]}}],"collection":[{"href":"https:\/\/www.3p-gmbh.de\/pt-br\/wp-json\/wp\/v2\/product"}],"about":[{"href":"https:\/\/www.3p-gmbh.de\/pt-br\/wp-json\/wp\/v2\/types\/product"}],"wp:featuredmedia":[{"embeddable":true,"href":"https:\/\/www.3p-gmbh.de\/pt-br\/wp-json\/wp\/v2\/media\/65898"}],"wp:attachment":[{"href":"https:\/\/www.3p-gmbh.de\/pt-br\/wp-json\/wp\/v2\/media?parent=93507"}],"wp:term":[{"taxonomy":"product_brand","embeddable":true,"href":"https:\/\/www.3p-gmbh.de\/pt-br\/wp-json\/wp\/v2\/product_brand?post=93507"},{"taxonomy":"product_cat","embeddable":true,"href":"https:\/\/www.3p-gmbh.de\/pt-br\/wp-json\/wp\/v2\/product_cat?post=93507"},{"taxonomy":"product_tag","embeddable":true,"href":"https:\/\/www.3p-gmbh.de\/pt-br\/wp-json\/wp\/v2\/product_tag?post=93507"}],"curies":[{"name":"wp","href":"https:\/\/api.w.org\/{rel}","templated":true}]}}

<p>Fresa de alta velocidade Polar 92 ED</p>
<ul>
<li>Ano de fabrico 2001</li>
<li>Largura de corte: 92 cm</li>
<li>Controlo do programa ED</li>
<li>Barreira de luz, mesa de ar cromada</li>
<li>2 mesas de apoio Resophal 75x100cm com cantos de transferência</li>
<li>Tampa da mesa traseira</li>
</ul>
<p>Polar RA-2 com rolo de descarga pneumático e batentes de dobragem pneumáticos</p>
<ul>
<li>Ano de fabrico 2000</li>
<li>Superfície da mesa revestida a aço inoxidável 72 x 87 cm</li>
<li>Altura mínima da camada 30 mm</li>
<li>Altura máxima da camada 165 mm</li>
<li>Altura da mesa 860 &#8211; 950 mm</li>
<li>Necessidade de ar comprimido a 6 &#8211; 8 bar aprox. 2L/min</li>
</ul>
<p>Como opção: elevador empilhável Polar Mohr LW 450</p>
<ul>
<li>Banheira (dimensões interiores) 62 x 90 cm</li>
<li>Curso até 85 cm</li>
<li>Altura (no curso máximo) 150 cm</li>
<li>Capacidade de carga máxima 450 kg</li>
</ul>

<p>Fresa de alta velocidade Polar 92 ED Ano de fabrico 2001 Largura de corte: 92 cm Controlo do programa ED Barreira de luz, mesa de ar cromada 2 mesas de apoio Resophal 75x100cm com cantos de transferência Tampa da mesa traseira Polar RA-2 com rolo de descarga pneumático e batentes de dobragem pneumáticos Ano de [&hellip;]</p>
