{"id":93504,"date":"2019-07-11T13:54:54","date_gmt":"2019-07-11T13:54:54","guid":{"rendered":"https:\/\/www.3p-gmbh.de\/produkt\/maquina-de-corte-polar-mohr-66\/"},"modified":"2019-07-11T13:54:54","modified_gmt":"2019-07-11T13:54:54","slug":"maquina-de-corte-4","status":"publish","type":"product","link":"https:\/\/www.3p-gmbh.de\/pt-br\/produkt\/maquina-de-corte-4\/","title":{"rendered":"M\u00e1quina de corte Polar Mohr 66"},"content":{"rendered":"<ul>\n<li>Comprimento de corte 67 cm<\/li>\n<li>Altura do encaixe 8 cm<\/li>\n<li>Profundidade de inser\u00e7\u00e3o 67 cm<\/li>\n<li>Mem\u00f3ria de programas 99 programas<\/li>\n<\/ul>\n<p>Todas as camadas de corte at\u00e9 \u00e0 altura total da inser\u00e7\u00e3o de oito cent\u00edmetros podem ser convenientemente rodadas na mesa frontal e colocadas na superf\u00edcie fechada e resistente \u00e0 corros\u00e3o da mesa para o respetivo corte. Gra\u00e7as ao seu f\u00e1cil manuseamento, o Polar 66 pode ser utilizado num curto espa\u00e7o de tempo. O indicador \u00f3tico de corte mostra exatamente onde o corte ser\u00e1 feito. Pode criar por imagem impressa ou por marcas de corte. O acabamento \u00e9 feito com um volante eletr\u00f3nico. O corte s\u00f3 \u00e9 poss\u00edvel com a liberta\u00e7\u00e3o do corte com duas m\u00e3os. As grelhas de luz infravermelha e o revestimento a toda a volta proporcionam uma prote\u00e7\u00e3o adicional ao operador. Corte controlado por programa, pelo que s\u00e3o omitidas todas as regula\u00e7\u00f5es manuais do solo.<\/p>\n","protected":false},"excerpt":{"rendered":"<p>Comprimento de corte 67 cm Altura do encaixe 8 cm Profundidade de inser\u00e7\u00e3o 67 cm Mem\u00f3ria de programas 99 programas Todas as camadas de corte at\u00e9 \u00e0 altura total da inser\u00e7\u00e3o de oito cent\u00edmetros podem ser convenientemente rodadas na mesa frontal e colocadas na superf\u00edcie fechada e resistente \u00e0 corros\u00e3o da mesa para o respetivo [&hellip;]<\/p>\n","protected":false},"featured_media":65910,"template":"","meta":[],"product_brand":[],"product_cat":[3017],"product_tag":[],"class_list":{"0":"post-93504","1":"product","2":"type-product","3":"status-publish","4":"has-post-thumbnail","6":"product_cat-maquinas-de-corte","7":"pa_baujahr-145","8":"pa_hersteller-polar-mohr-hofheim","9":"pa_typ-polar-66","11":"first","12":"instock","13":"sold-individually","14":"taxable","15":"shipping-taxable","16":"purchasable","17":"product-type-simple"},"jetpack_sharing_enabled":true,"_links":{"self":[{"href":"https:\/\/www.3p-gmbh.de\/pt-br\/wp-json\/wp\/v2\/product\/93504","targetHints":{"allow":["GET"]}}],"collection":[{"href":"https:\/\/www.3p-gmbh.de\/pt-br\/wp-json\/wp\/v2\/product"}],"about":[{"href":"https:\/\/www.3p-gmbh.de\/pt-br\/wp-json\/wp\/v2\/types\/product"}],"wp:featuredmedia":[{"embeddable":true,"href":"https:\/\/www.3p-gmbh.de\/pt-br\/wp-json\/wp\/v2\/media\/65910"}],"wp:attachment":[{"href":"https:\/\/www.3p-gmbh.de\/pt-br\/wp-json\/wp\/v2\/media?parent=93504"}],"wp:term":[{"taxonomy":"product_brand","embeddable":true,"href":"https:\/\/www.3p-gmbh.de\/pt-br\/wp-json\/wp\/v2\/product_brand?post=93504"},{"taxonomy":"product_cat","embeddable":true,"href":"https:\/\/www.3p-gmbh.de\/pt-br\/wp-json\/wp\/v2\/product_cat?post=93504"},{"taxonomy":"product_tag","embeddable":true,"href":"https:\/\/www.3p-gmbh.de\/pt-br\/wp-json\/wp\/v2\/product_tag?post=93504"}],"curies":[{"name":"wp","href":"https:\/\/api.w.org\/{rel}","templated":true}]}}

Máquina de corte Polar Mohr 66

<ul>
<li>Comprimento de corte 67 cm</li>
<li>Altura do encaixe 8 cm</li>
<li>Profundidade de inserção 67 cm</li>
<li>Memória de programas 99 programas</li>
</ul>
<p>Todas as camadas de corte até à altura total da inserção de oito centímetros podem ser convenientemente rodadas na mesa frontal e colocadas na superfície fechada e resistente à corrosão da mesa para o respetivo corte. Graças ao seu fácil manuseamento, o Polar 66 pode ser utilizado num curto espaço de tempo. O indicador ótico de corte mostra exatamente onde o corte será feito. Pode criar por imagem impressa ou por marcas de corte. O acabamento é feito com um volante eletrónico. O corte só é possível com a libertação do corte com duas mãos. As grelhas de luz infravermelha e o revestimento a toda a volta proporcionam uma proteção adicional ao operador. Corte controlado por programa, pelo que são omitidas todas as regulações manuais do solo.</p>

<p>Comprimento de corte 67 cm Altura do encaixe 8 cm Profundidade de inserção 67 cm Memória de programas 99 programas Todas as camadas de corte até à altura total da inserção de oito centímetros podem ser convenientemente rodadas na mesa frontal e colocadas na superfície fechada e resistente à corrosão da mesa para o respetivo [&hellip;]</p>
