{"id":91515,"date":"2019-12-10T15:10:09","date_gmt":"2019-12-10T15:10:09","guid":{"rendered":"https:\/\/www.3p-gmbh.de\/produkt\/mesa-de-ar-polar-mohr-segmento-100x100-cm-sem-compressor\/"},"modified":"2019-12-10T15:10:09","modified_gmt":"2019-12-10T15:10:09","slug":"polar-mohr-air-table-segment-100x100-cm-sem-compressor","status":"publish","type":"product","link":"https:\/\/www.3p-gmbh.de\/pt-br\/produkt\/polar-mohr-air-table-segment-100x100-cm-sem-compressor\/","title":{"rendered":"Mesa de ar Polar Mohr segmento 100&#215;100 cm (sem compressor)"},"content":{"rendered":"<p>Superf\u00edcie resof\u00e1gica com retropol\u00edmetro<\/p>\n","protected":false},"excerpt":{"rendered":"<p>Superf\u00edcie resof\u00e1gica com retropol\u00edmetro<\/p>\n","protected":false},"featured_media":76461,"template":"","meta":[],"product_brand":[],"product_cat":[3017],"product_tag":[],"class_list":{"0":"post-91515","1":"product","2":"type-product","3":"status-publish","4":"has-post-thumbnail","6":"product_cat-maquinas-de-corte","7":"pa_hersteller-polar-mohr","8":"pa_typ-lufttischsegment","10":"first","11":"instock","12":"taxable","13":"shipping-taxable","14":"purchasable","15":"product-type-simple"},"jetpack_sharing_enabled":true,"_links":{"self":[{"href":"https:\/\/www.3p-gmbh.de\/pt-br\/wp-json\/wp\/v2\/product\/91515","targetHints":{"allow":["GET"]}}],"collection":[{"href":"https:\/\/www.3p-gmbh.de\/pt-br\/wp-json\/wp\/v2\/product"}],"about":[{"href":"https:\/\/www.3p-gmbh.de\/pt-br\/wp-json\/wp\/v2\/types\/product"}],"wp:featuredmedia":[{"embeddable":true,"href":"https:\/\/www.3p-gmbh.de\/pt-br\/wp-json\/wp\/v2\/media\/76461"}],"wp:attachment":[{"href":"https:\/\/www.3p-gmbh.de\/pt-br\/wp-json\/wp\/v2\/media?parent=91515"}],"wp:term":[{"taxonomy":"product_brand","embeddable":true,"href":"https:\/\/www.3p-gmbh.de\/pt-br\/wp-json\/wp\/v2\/product_brand?post=91515"},{"taxonomy":"product_cat","embeddable":true,"href":"https:\/\/www.3p-gmbh.de\/pt-br\/wp-json\/wp\/v2\/product_cat?post=91515"},{"taxonomy":"product_tag","embeddable":true,"href":"https:\/\/www.3p-gmbh.de\/pt-br\/wp-json\/wp\/v2\/product_tag?post=91515"}],"curies":[{"name":"wp","href":"https:\/\/api.w.org\/{rel}","templated":true}]}}

<p>Superfície resofágica com retropolímetro</p>
