{"id":91212,"date":"2021-05-09T13:46:35","date_gmt":"2021-05-09T13:46:35","guid":{"rendered":"https:\/\/www.3p-gmbh.de\/produkt\/densitometro-espetral-compacto-techkon-spectrodens-premium\/"},"modified":"2021-05-09T13:46:35","modified_gmt":"2021-05-09T13:46:35","slug":"densitometro-espetral-compacto-techkon-spectrodens-premium","status":"publish","type":"product","link":"https:\/\/www.3p-gmbh.de\/pt-br\/produkt\/densitometro-espetral-compacto-techkon-spectrodens-premium\/","title":{"rendered":"Densit\u00f3metro espetral compacto Techkon SpectroDens Premium"},"content":{"rendered":"<p><strong>Densit\u00f3metro espetral compacto Techkon SpectroDens Premium<\/strong><br \/>\n<strong>Ano de fabrico 2014<\/strong><br \/>\nSN A 802022<\/p>\n<p><strong><em>Fun\u00e7\u00f5es:<\/em><\/strong><br \/>\nMedi\u00e7\u00e3o autom\u00e1tica da densidade, densidade CMYK, cobertura de \u00e1rea, ganho de pontos,<br \/>\nContraste de impress\u00e3o, equil\u00edbrio de cinzentos e cores, aceita\u00e7\u00e3o da tinta, curva carater\u00edstica de impress\u00e3o, espetro de densidade,<br \/>\nDensidade espetral para cores directas, ecr\u00e3 de tend\u00eancias ExPresso mini, desloca\u00e7\u00e3o\/edi\u00e7\u00e3o,<br \/>\nCobertura da \u00e1rea de Yule-Nielsen para chapas de impress\u00e3o, CIE L*a*b*, \u0394E*a*b*, CIE L*C*h*ab,<br \/>\nCIE XYZ, \u0394E*cmc, \u0394E*CIE94, \u0394E*CIE2000, espetro de remiss\u00e3o,<br \/>\nInkCheck: controlo da cor das cores directas, biblioteca de cores com at\u00e9 20 amostras de cores e um total de 3.000 refer\u00eancias de cores,<br \/>\nMem\u00f3ria de valores de medi\u00e7\u00e3o para 1.200 amostras e 300 refer\u00eancias, avalia\u00e7\u00e3o de cunha de meio Ugra\/Fogra,<br \/>\nVerifica\u00e7\u00e3o ISO: controlo de cor de acordo com a norma ISO 12647, CIE L*u*v*, CIE L*C*h*uv, CIE xyY, DIN Lab99,<br \/>\n\u00cdndice de metamerismo, brancura, amarelecimento, toler\u00e2ncia de aprova\u00e7\u00e3o\/reprova\u00e7\u00e3o, valor m\u00e9dio<\/p>\n<p><em><strong>\u00c2mbito de fornecimento:<\/strong><\/em><br \/>\nAparelho de medi\u00e7\u00e3o com estojo, esta\u00e7\u00e3o de carregamento e documenta\u00e7\u00e3o, cabo USB<\/p>\n","protected":false},"excerpt":{"rendered":"<p>Densit\u00f3metro espetral compacto Techkon SpectroDens Premium Ano de fabrico 2014 SN A 802022 Fun\u00e7\u00f5es: Medi\u00e7\u00e3o autom\u00e1tica da densidade, densidade CMYK, cobertura de \u00e1rea, ganho de pontos, Contraste de impress\u00e3o, equil\u00edbrio de cinzentos e cores, aceita\u00e7\u00e3o da tinta, curva carater\u00edstica de impress\u00e3o, espetro de densidade, Densidade espetral para cores directas, ecr\u00e3 de tend\u00eancias ExPresso mini, desloca\u00e7\u00e3o\/edi\u00e7\u00e3o, [&hellip;]<\/p>\n","protected":false},"featured_media":80585,"template":"","meta":[],"product_brand":[],"product_cat":[2931],"product_tag":[],"class_list":{"0":"post-91212","1":"product","2":"type-product","3":"status-publish","4":"has-post-thumbnail","6":"product_cat-instrumentos-de-medicao-e-garantia-de-qualidade","7":"pa_hersteller-techkon","8":"pa_typ-spectrodens-premium","10":"first","11":"instock","12":"taxable","13":"shipping-taxable","14":"product-type-simple"},"jetpack_sharing_enabled":true,"_links":{"self":[{"href":"https:\/\/www.3p-gmbh.de\/pt-br\/wp-json\/wp\/v2\/product\/91212","targetHints":{"allow":["GET"]}}],"collection":[{"href":"https:\/\/www.3p-gmbh.de\/pt-br\/wp-json\/wp\/v2\/product"}],"about":[{"href":"https:\/\/www.3p-gmbh.de\/pt-br\/wp-json\/wp\/v2\/types\/product"}],"wp:featuredmedia":[{"embeddable":true,"href":"https:\/\/www.3p-gmbh.de\/pt-br\/wp-json\/wp\/v2\/media\/80585"}],"wp:attachment":[{"href":"https:\/\/www.3p-gmbh.de\/pt-br\/wp-json\/wp\/v2\/media?parent=91212"}],"wp:term":[{"taxonomy":"product_brand","embeddable":true,"href":"https:\/\/www.3p-gmbh.de\/pt-br\/wp-json\/wp\/v2\/product_brand?post=91212"},{"taxonomy":"product_cat","embeddable":true,"href":"https:\/\/www.3p-gmbh.de\/pt-br\/wp-json\/wp\/v2\/product_cat?post=91212"},{"taxonomy":"product_tag","embeddable":true,"href":"https:\/\/www.3p-gmbh.de\/pt-br\/wp-json\/wp\/v2\/product_tag?post=91212"}],"curies":[{"name":"wp","href":"https:\/\/api.w.org\/{rel}","templated":true}]}}

Densitómetro espetral compacto Techkon SpectroDens Premium

<p><strong>Densitómetro espetral compacto Techkon SpectroDens Premium</strong><br />
<strong>Ano de fabrico 2014</strong><br />
SN A 802022</p>
<p><strong><em>Funções:</em></strong><br />
Medição automática da densidade, densidade CMYK, cobertura de área, ganho de pontos,<br />
Contraste de impressão, equilíbrio de cinzentos e cores, aceitação da tinta, curva caraterística de impressão, espetro de densidade,<br />
Densidade espetral para cores directas, ecrã de tendências ExPresso mini, deslocação/edição,<br />
Cobertura da área de Yule-Nielsen para chapas de impressão, CIE L*a*b*, ΔE*a*b*, CIE L*C*h*ab,<br />
CIE XYZ, ΔE*cmc, ΔE*CIE94, ΔE*CIE2000, espetro de remissão,<br />
InkCheck: controlo da cor das cores directas, biblioteca de cores com até 20 amostras de cores e um total de 3.000 referências de cores,<br />
Memória de valores de medição para 1.200 amostras e 300 referências, avaliação de cunha de meio Ugra/Fogra,<br />
Verificação ISO: controlo de cor de acordo com a norma ISO 12647, CIE L*u*v*, CIE L*C*h*uv, CIE xyY, DIN Lab99,<br />
Índice de metamerismo, brancura, amarelecimento, tolerância de aprovação/reprovação, valor médio</p>
<p><em><strong>Âmbito de fornecimento:</strong></em><br />
Aparelho de medição com estojo, estação de carregamento e documentação, cabo USB</p>

<p>Densitómetro espetral compacto Techkon SpectroDens Premium Ano de fabrico 2014 SN A 802022 Funções: Medição automática da densidade, densidade CMYK, cobertura de área, ganho de pontos, Contraste de impressão, equilíbrio de cinzentos e cores, aceitação da tinta, curva caraterística de impressão, espetro de densidade, Densidade espetral para cores directas, ecrã de tendências ExPresso mini, deslocação/edição, [&hellip;]</p>
