{"id":90689,"date":"2019-11-01T10:54:29","date_gmt":"2019-11-01T10:54:29","guid":{"rendered":"https:\/\/www.3p-gmbh.de\/produkt\/empilhador-retratil-jungheinrich-etv-114\/"},"modified":"2019-11-01T10:54:29","modified_gmt":"2019-11-01T10:54:29","slug":"camiao-retratil-jungheinrich-etv-114","status":"publish","type":"product","link":"https:\/\/www.3p-gmbh.de\/pt-br\/produkt\/camiao-retratil-jungheinrich-etv-114\/","title":{"rendered":"Empilhador retr\u00e1til Jungheinrich ETV 114"},"content":{"rendered":"<p>Altura de eleva\u00e7\u00e3o 740cm<br \/>\nApenas 1840 horas de funcionamento<\/p>\n","protected":false},"excerpt":{"rendered":"<p>Altura de eleva\u00e7\u00e3o 740cm Apenas 1840 horas de funcionamento<\/p>\n","protected":false},"featured_media":72720,"template":"","meta":[],"product_brand":[],"product_cat":[2860],"product_tag":[],"class_list":{"0":"post-90689","1":"product","2":"type-product","3":"status-publish","4":"has-post-thumbnail","6":"product_cat-camioes-industriais","7":"pa_bezeichnung_typ-etv-114","8":"pa_hersteller-jungheinrich","10":"first","11":"instock","12":"taxable","13":"shipping-taxable","14":"purchasable","15":"product-type-simple"},"jetpack_sharing_enabled":true,"_links":{"self":[{"href":"https:\/\/www.3p-gmbh.de\/pt-br\/wp-json\/wp\/v2\/product\/90689","targetHints":{"allow":["GET"]}}],"collection":[{"href":"https:\/\/www.3p-gmbh.de\/pt-br\/wp-json\/wp\/v2\/product"}],"about":[{"href":"https:\/\/www.3p-gmbh.de\/pt-br\/wp-json\/wp\/v2\/types\/product"}],"wp:featuredmedia":[{"embeddable":true,"href":"https:\/\/www.3p-gmbh.de\/pt-br\/wp-json\/wp\/v2\/media\/72720"}],"wp:attachment":[{"href":"https:\/\/www.3p-gmbh.de\/pt-br\/wp-json\/wp\/v2\/media?parent=90689"}],"wp:term":[{"taxonomy":"product_brand","embeddable":true,"href":"https:\/\/www.3p-gmbh.de\/pt-br\/wp-json\/wp\/v2\/product_brand?post=90689"},{"taxonomy":"product_cat","embeddable":true,"href":"https:\/\/www.3p-gmbh.de\/pt-br\/wp-json\/wp\/v2\/product_cat?post=90689"},{"taxonomy":"product_tag","embeddable":true,"href":"https:\/\/www.3p-gmbh.de\/pt-br\/wp-json\/wp\/v2\/product_tag?post=90689"}],"curies":[{"name":"wp","href":"https:\/\/api.w.org\/{rel}","templated":true}]}}

Empilhador retrátil Jungheinrich ETV 114

<p>Altura de elevação 740cm<br />
Apenas 1840 horas de funcionamento</p>

<p>Altura de elevação 740cm Apenas 1840 horas de funcionamento</p>
