{"id":89992,"date":"2021-06-14T21:59:22","date_gmt":"2021-06-14T21:59:22","guid":{"rendered":"https:\/\/www.3p-gmbh.de\/produkt\/fnp-prensa-dobravel-electrica-de-baixa-pressao-sperr-lechner-splek-slf-ii-a-200-s\/"},"modified":"2021-06-14T21:59:22","modified_gmt":"2021-06-14T21:59:22","slug":"fnp-electrico-dobravel-baixa-pressao-pressao-sperr-lechner-splek-slf-ii-a-200-s","status":"publish","type":"product","link":"https:\/\/www.3p-gmbh.de\/pt-br\/produkt\/fnp-electrico-dobravel-baixa-pressao-pressao-sperr-lechner-splek-slf-ii-a-200-s\/","title":{"rendered":"FNP prensa dobr\u00e1vel el\u00e9ctrica de baixa press\u00e3o Sperr &amp; Lechner Splek SLF II A 200 S"},"content":{"rendered":"<p><strong>FNP prensa dobr\u00e1vel el\u00e9ctrica de baixa press\u00e3o SLF II A 200<\/strong><br \/>\n<strong>a partir do ano de constru\u00e7\u00e3o 1981<\/strong><\/p>\n<p><strong><em>Descri\u00e7\u00e3o:<\/em><\/strong><br \/>\nA prensa de dobragem de baixa press\u00e3o \u00e9 utilizada para pressionar a dobra na lombada do livro e tem duas esta\u00e7\u00f5es de prensagem que s\u00e3o carregadas alternadamente.<\/p>\n<p>O processo de prensagem \u00e9 desencadeado pelo material prensado atrav\u00e9s de um contacto el\u00e9trico.<br \/>\nCada viga de prensagem tem uma barra de pr\u00e9-prensagem com mola que impede que as folhas saltem do bloco de livros e garante uma boa prensagem da dobra.<\/p>\n<p>Acionamento por bot\u00e3o de press\u00e3o para ciclo \u00fanico ou press\u00e3o autom\u00e1tica por ciclo de tempo, temporizador regul\u00e1vel 0-12 min.<\/p>\n<p><strong><em>Dados t\u00e9cnicos:<\/em><\/strong><br \/>\nTamanho da barra de prensagem: 380 x 40 mm<br \/>\nEspessura do encaixe: 90 mm<br \/>\nCurso: 80mm<br \/>\nPress\u00e3o de press\u00e3o ajust\u00e1vel at\u00e9 ao m\u00e1ximo. 3200kg<br \/>\nEspa\u00e7o necess\u00e1rio: C 1100 x L 500 x A 1000 mm<\/p>\n","protected":false},"excerpt":{"rendered":"<p>FNP prensa dobr\u00e1vel el\u00e9ctrica de baixa press\u00e3o SLF II A 200 a partir do ano de constru\u00e7\u00e3o 1981 Descri\u00e7\u00e3o: A prensa de dobragem de baixa press\u00e3o \u00e9 utilizada para pressionar a dobra na lombada do livro e tem duas esta\u00e7\u00f5es de prensagem que s\u00e3o carregadas alternadamente. O processo de prensagem \u00e9 desencadeado pelo material prensado [&hellip;]<\/p>\n","protected":false},"featured_media":81127,"template":"","meta":[],"product_brand":[],"product_cat":[2922],"product_tag":[],"class_list":{"0":"post-89992","1":"product","2":"type-product","3":"status-publish","4":"has-post-thumbnail","6":"product_cat-prensas","7":"pa_hersteller-sperr-lechner","8":"pa_typ-splek-slf-ii-a-200-s","10":"first","11":"instock","12":"taxable","13":"shipping-taxable","14":"product-type-simple"},"jetpack_sharing_enabled":true,"_links":{"self":[{"href":"https:\/\/www.3p-gmbh.de\/pt-br\/wp-json\/wp\/v2\/product\/89992","targetHints":{"allow":["GET"]}}],"collection":[{"href":"https:\/\/www.3p-gmbh.de\/pt-br\/wp-json\/wp\/v2\/product"}],"about":[{"href":"https:\/\/www.3p-gmbh.de\/pt-br\/wp-json\/wp\/v2\/types\/product"}],"wp:featuredmedia":[{"embeddable":true,"href":"https:\/\/www.3p-gmbh.de\/pt-br\/wp-json\/wp\/v2\/media\/81127"}],"wp:attachment":[{"href":"https:\/\/www.3p-gmbh.de\/pt-br\/wp-json\/wp\/v2\/media?parent=89992"}],"wp:term":[{"taxonomy":"product_brand","embeddable":true,"href":"https:\/\/www.3p-gmbh.de\/pt-br\/wp-json\/wp\/v2\/product_brand?post=89992"},{"taxonomy":"product_cat","embeddable":true,"href":"https:\/\/www.3p-gmbh.de\/pt-br\/wp-json\/wp\/v2\/product_cat?post=89992"},{"taxonomy":"product_tag","embeddable":true,"href":"https:\/\/www.3p-gmbh.de\/pt-br\/wp-json\/wp\/v2\/product_tag?post=89992"}],"curies":[{"name":"wp","href":"https:\/\/api.w.org\/{rel}","templated":true}]}}

FNP prensa dobrável eléctrica de baixa pressão Sperr &amp; Lechner Splek SLF II A 200 S

<p><strong>FNP prensa dobrável eléctrica de baixa pressão SLF II A 200</strong><br />
<strong>a partir do ano de construção 1981</strong></p>
<p><strong><em>Descrição:</em></strong><br />
A prensa de dobragem de baixa pressão é utilizada para pressionar a dobra na lombada do livro e tem duas estações de prensagem que são carregadas alternadamente.</p>
<p>O processo de prensagem é desencadeado pelo material prensado através de um contacto elétrico.<br />
Cada viga de prensagem tem uma barra de pré-prensagem com mola que impede que as folhas saltem do bloco de livros e garante uma boa prensagem da dobra.</p>
<p>Acionamento por botão de pressão para ciclo único ou pressão automática por ciclo de tempo, temporizador regulável 0-12 min.</p>
<p><strong><em>Dados técnicos:</em></strong><br />
Tamanho da barra de prensagem: 380 x 40 mm<br />
Espessura do encaixe: 90 mm<br />
Curso: 80mm<br />
Pressão de pressão ajustável até ao máximo. 3200kg<br />
Espaço necessário: C 1100 x L 500 x A 1000 mm</p>

<p>FNP prensa dobrável eléctrica de baixa pressão SLF II A 200 a partir do ano de construção 1981 Descrição: A prensa de dobragem de baixa pressão é utilizada para pressionar a dobra na lombada do livro e tem duas estações de prensagem que são carregadas alternadamente. O processo de prensagem é desencadeado pelo material prensado [&hellip;]</p>
