{"id":89413,"date":"2022-09-30T21:34:13","date_gmt":"2022-09-30T21:34:13","guid":{"rendered":"https:\/\/www.3p-gmbh.de\/produkt\/cortador-de-guilhotina-polar-eco-80-cortador-de-pilhas-ou-cortador-de-papel\/"},"modified":"2022-09-30T21:34:13","modified_gmt":"2022-09-30T21:34:13","slug":"guilhotina-cortadora-de-pilhas-ou-maquina-de-cortar-papel-polar-eco-80","status":"publish","type":"product","link":"https:\/\/www.3p-gmbh.de\/pt-br\/produkt\/guilhotina-cortadora-de-pilhas-ou-maquina-de-cortar-papel-polar-eco-80\/","title":{"rendered":"Cortador de guilhotina Polar Eco 80, cortador de pilhas ou cortador de papel"},"content":{"rendered":"<p><strong>Cortador de guilhotina Polar Eco 80, cortador de pilhas ou cortador de papel<\/strong><br \/>\n<strong>com acionamento hidr\u00e1ulico e mesa de ar em a\u00e7o inoxid\u00e1vel<\/strong><br \/>\n<strong>a partir de 2012<\/strong><\/p>\n<p>Largura de corte 800 mm<br \/>\nProfundidade de inser\u00e7\u00e3o 800 mm<br \/>\nAltura de inser\u00e7\u00e3o m\u00e1x. 100 mm<\/p>\n<p>Os operadores de m\u00e1quinas apreciam n\u00e3o s\u00f3 a opera\u00e7\u00e3o descomplicada, mas tamb\u00e9m a longa vida \u00fatil da fresa.<br \/>\nA precis\u00e3o de corte especial deve-se \u00e0 constru\u00e7\u00e3o robusta e \u00e0 tomada de medidas direta.<\/p>\n<p>A m\u00e1quina \u00e9 operada atrav\u00e9s de um painel de controlo ergon\u00f3mico com um ecr\u00e3 monocrom\u00e1tico de 5,5.<br \/>\ne teclado plano adicional.<br \/>\nAs sequ\u00eancias de corte recorrentes podem ser armazenadas numa das 198 posi\u00e7\u00f5es de mem\u00f3ria dispon\u00edveis.<br \/>\ne pode ser adaptado em qualquer altura<\/p>\n","protected":false},"excerpt":{"rendered":"<p>Cortador de guilhotina Polar Eco 80, cortador de pilhas ou cortador de papel com acionamento hidr\u00e1ulico e mesa de ar em a\u00e7o inoxid\u00e1vel a partir de 2012 Largura de corte 800 mm Profundidade de inser\u00e7\u00e3o 800 mm Altura de inser\u00e7\u00e3o m\u00e1x. 100 mm Os operadores de m\u00e1quinas apreciam n\u00e3o s\u00f3 a opera\u00e7\u00e3o descomplicada, mas tamb\u00e9m [&hellip;]<\/p>\n","protected":false},"featured_media":84364,"template":"","meta":[],"product_brand":[],"product_cat":[3017],"product_tag":[],"class_list":{"0":"post-89413","1":"product","2":"type-product","3":"status-publish","4":"has-post-thumbnail","6":"product_cat-maquinas-de-corte","7":"pa_hersteller-polar-mohr","8":"pa_typ-eco-80","10":"first","11":"instock","12":"taxable","13":"shipping-taxable","14":"product-type-simple"},"jetpack_sharing_enabled":true,"_links":{"self":[{"href":"https:\/\/www.3p-gmbh.de\/pt-br\/wp-json\/wp\/v2\/product\/89413","targetHints":{"allow":["GET"]}}],"collection":[{"href":"https:\/\/www.3p-gmbh.de\/pt-br\/wp-json\/wp\/v2\/product"}],"about":[{"href":"https:\/\/www.3p-gmbh.de\/pt-br\/wp-json\/wp\/v2\/types\/product"}],"wp:featuredmedia":[{"embeddable":true,"href":"https:\/\/www.3p-gmbh.de\/pt-br\/wp-json\/wp\/v2\/media\/84364"}],"wp:attachment":[{"href":"https:\/\/www.3p-gmbh.de\/pt-br\/wp-json\/wp\/v2\/media?parent=89413"}],"wp:term":[{"taxonomy":"product_brand","embeddable":true,"href":"https:\/\/www.3p-gmbh.de\/pt-br\/wp-json\/wp\/v2\/product_brand?post=89413"},{"taxonomy":"product_cat","embeddable":true,"href":"https:\/\/www.3p-gmbh.de\/pt-br\/wp-json\/wp\/v2\/product_cat?post=89413"},{"taxonomy":"product_tag","embeddable":true,"href":"https:\/\/www.3p-gmbh.de\/pt-br\/wp-json\/wp\/v2\/product_tag?post=89413"}],"curies":[{"name":"wp","href":"https:\/\/api.w.org\/{rel}","templated":true}]}}

<p><strong>Cortador de guilhotina Polar Eco 80, cortador de pilhas ou cortador de papel</strong><br />
<strong>com acionamento hidráulico e mesa de ar em aço inoxidável</strong><br />
<strong>a partir de 2012</strong></p>
<p>Largura de corte 800 mm<br />
Profundidade de inserção 800 mm<br />
Altura de inserção máx. 100 mm</p>
<p>Os operadores de máquinas apreciam não só a operação descomplicada, mas também a longa vida útil da fresa.<br />
A precisão de corte especial deve-se à construção robusta e à tomada de medidas direta.</p>
<p>A máquina é operada através de um painel de controlo ergonómico com um ecrã monocromático de 5,5.<br />
e teclado plano adicional.<br />
As sequências de corte recorrentes podem ser armazenadas numa das 198 posições de memória disponíveis.<br />
e pode ser adaptado em qualquer altura</p>

<p>Cortador de guilhotina Polar Eco 80, cortador de pilhas ou cortador de papel com acionamento hidráulico e mesa de ar em aço inoxidável a partir de 2012 Largura de corte 800 mm Profundidade de inserção 800 mm Altura de inserção máx. 100 mm Os operadores de máquinas apreciam não só a operação descomplicada, mas também [&hellip;]</p>
