{"id":89412,"date":"2022-09-30T21:40:44","date_gmt":"2022-09-30T21:40:44","guid":{"rendered":"https:\/\/www.3p-gmbh.de\/produkt\/maquina-de-arredondamento-de-cantos-faca-de-perfuracao-raio-superior-inferior-7mm\/"},"modified":"2022-09-30T21:40:44","modified_gmt":"2022-09-30T21:40:44","slug":"faca-de-perfuracao-de-cantos-redondos-raio-superior-e-inferior-7-mm","status":"publish","type":"product","link":"https:\/\/www.3p-gmbh.de\/pt-br\/produkt\/faca-de-perfuracao-de-cantos-redondos-raio-superior-e-inferior-7-mm\/","title":{"rendered":"M\u00e1quina de arredondamento de cantos Faca de perfura\u00e7\u00e3o Raio superior-inferior 7mm"},"content":{"rendered":"<div><strong>para Karl Tr\u00e4nklein &#8211; Baier &#8211; Krause m\u00e1quina de arredondamento de cantos<\/strong><\/div>\n<div><\/div>\n<div>Faca de perfura\u00e7\u00e3o Raio superior-inferior 7mm<\/div>\n<div><\/div>\n<div><em>Outros raios a pedido<\/em><\/div>\n","protected":false},"excerpt":{"rendered":"<p>para Karl Tr\u00e4nklein &#8211; Baier &#8211; Krause m\u00e1quina de arredondamento de cantos Faca de perfura\u00e7\u00e3o Raio superior-inferior 7mm Outros raios a pedido<\/p>\n","protected":false},"featured_media":84382,"template":"","meta":[],"product_brand":[],"product_cat":[2892,2906],"product_tag":[],"class_list":{"0":"post-89412","1":"product","2":"type-product","3":"status-publish","4":"has-post-thumbnail","6":"product_cat-encadernacao-de-sortido","7":"product_cat-perfuracao","8":"pa_hersteller-baier","9":"pa_hersteller-karl-traenklein","10":"pa_hersteller-krause","12":"first","13":"instock","14":"taxable","15":"shipping-taxable","16":"product-type-simple"},"jetpack_sharing_enabled":true,"_links":{"self":[{"href":"https:\/\/www.3p-gmbh.de\/pt-br\/wp-json\/wp\/v2\/product\/89412","targetHints":{"allow":["GET"]}}],"collection":[{"href":"https:\/\/www.3p-gmbh.de\/pt-br\/wp-json\/wp\/v2\/product"}],"about":[{"href":"https:\/\/www.3p-gmbh.de\/pt-br\/wp-json\/wp\/v2\/types\/product"}],"wp:featuredmedia":[{"embeddable":true,"href":"https:\/\/www.3p-gmbh.de\/pt-br\/wp-json\/wp\/v2\/media\/84382"}],"wp:attachment":[{"href":"https:\/\/www.3p-gmbh.de\/pt-br\/wp-json\/wp\/v2\/media?parent=89412"}],"wp:term":[{"taxonomy":"product_brand","embeddable":true,"href":"https:\/\/www.3p-gmbh.de\/pt-br\/wp-json\/wp\/v2\/product_brand?post=89412"},{"taxonomy":"product_cat","embeddable":true,"href":"https:\/\/www.3p-gmbh.de\/pt-br\/wp-json\/wp\/v2\/product_cat?post=89412"},{"taxonomy":"product_tag","embeddable":true,"href":"https:\/\/www.3p-gmbh.de\/pt-br\/wp-json\/wp\/v2\/product_tag?post=89412"}],"curies":[{"name":"wp","href":"https:\/\/api.w.org\/{rel}","templated":true}]}}

Máquina de arredondamento de cantos Faca de perfuração Raio superior-inferior 7mm

<div><strong>para Karl Tränklein &#8211; Baier &#8211; Krause máquina de arredondamento de cantos</strong></div>
<div></div>
<div>Faca de perfuração Raio superior-inferior 7mm</div>
<div></div>
<div><em>Outros raios a pedido</em></div>

<p>para Karl Tränklein &#8211; Baier &#8211; Krause máquina de arredondamento de cantos Faca de perfuração Raio superior-inferior 7mm Outros raios a pedido</p>
