{"id":88706,"date":"2023-07-09T11:47:42","date_gmt":"2023-07-09T11:47:42","guid":{"rendered":"https:\/\/www.3p-gmbh.de\/produkt\/diversos-mesas-de-ar-polar-mohr-mesas-de-embalagem-confecao-mesas-de-ar\/"},"modified":"2023-07-09T11:47:42","modified_gmt":"2023-07-09T11:47:42","slug":"varios-polar-mohr-air-tables-packing-tables-assembly-air-bed-tables","status":"publish","type":"product","link":"https:\/\/www.3p-gmbh.de\/pt-br\/produkt\/varios-polar-mohr-air-tables-packing-tables-assembly-air-bed-tables\/","title":{"rendered":"diversos Mesas de ar Polar Mohr &#8211; Mesas de embalagem Confe\u00e7\u00e3o &#8211; Mesas de ar"},"content":{"rendered":"<p><strong>diversos Mesas de ar Polar Mohr &#8211; Mesas de embalagem Confe\u00e7\u00e3o &#8211; Mesas de ar<\/strong><\/p>\n<p><strong>1 Mesa de ar Polar Mohr segmento 100&#215;100 cm (sem compressor)  <\/strong><br \/>\nSuperf\u00edcie em a\u00e7o inoxid\u00e1vel niquelado<br \/>\n<em><strong>dispon\u00edvel 2<\/strong><\/em><\/p>\n<p><strong>1 Mesa de ar Polar Mohr segmento 75&#215;100 cm (sem compressor)  <\/strong><br \/>\nSuperf\u00edcie em a\u00e7o inoxid\u00e1vel niquelado<\/p>\n<p><strong>  1 Mesa de ar Polar Mohr segmento 100&#215;100 cm (sem compressor)  <\/strong><br \/>\nSuperf\u00edcie resof\u00e1gica com retropol\u00edmetro<\/p>\n<p><strong>1 Segmento de mesa Polar Mohr 100&#215;100 cm sem jactos de ar<\/strong><br \/>\n<em><strong>dispon\u00edvel 2<\/strong><\/em><\/p>\n<p><strong>  1 Mesa de ar Polar Mohr segmento 75&#215;100 cm (sem compressor)  <\/strong><br \/>\nSuperf\u00edcie resofal<\/p>\n<p><strong>  1 Mesa de ar Polar Mohr segmento 75x75cm (sem compressor)  <\/strong><br \/>\nSuperf\u00edcie resofal<br \/>\n<strong>   <em>dispon\u00edvel 2<\/em><\/strong><\/p>\n<p><strong>1 Mesa de transporte a\u00e9reo POLAR Mohr trapezoidal 100 x 98 x 24 x 100 cm com 2 p\u00e9s<\/strong><br \/>\n<strong>  <em>dispon\u00edvel 2<\/em><\/strong><\/p>\n<p><strong>  1 Mesa de ar Polar Mohr segmento 50&#215;100 cm (sem compressor)  <\/strong><br \/>\nSuperf\u00edcie resofal com prote\u00e7\u00e3o do dorso e das pernas<\/p>\n<p><em><strong>adicionar . Compressor para almofada de ar Rietschle CEV 3709<\/strong><\/em><br \/>\nVentilador radial com tr\u00eas a cinco fases para funcionamento sob press\u00e3o.<br \/>\nDesign compacto.<br \/>\nTemperatura baixa mesmo com estrangulamento.<br \/>\nArranque r\u00e1pido gra\u00e7as \u00e0 leveza dos impulsores.<\/p>\n","protected":false},"excerpt":{"rendered":"<p>diversos Mesas de ar Polar Mohr &#8211; Mesas de embalagem Confe\u00e7\u00e3o &#8211; Mesas de ar 1 Mesa de ar Polar Mohr segmento 100&#215;100 cm (sem compressor) Superf\u00edcie em a\u00e7o inoxid\u00e1vel niquelado dispon\u00edvel 2 1 Mesa de ar Polar Mohr segmento 75&#215;100 cm (sem compressor) Superf\u00edcie em a\u00e7o inoxid\u00e1vel niquelado 1 Mesa de ar Polar Mohr [&hellip;]<\/p>\n","protected":false},"featured_media":88208,"template":"","meta":[],"product_brand":[],"product_cat":[2851,2868],"product_tag":[],"class_list":{"0":"post-88706","1":"product","2":"type-product","3":"status-publish","4":"has-post-thumbnail","6":"product_cat-acessorios","7":"product_cat-outras-transformacoes-posteriores","9":"first","10":"instock","11":"taxable","12":"shipping-taxable","13":"product-type-simple"},"jetpack_sharing_enabled":true,"_links":{"self":[{"href":"https:\/\/www.3p-gmbh.de\/pt-br\/wp-json\/wp\/v2\/product\/88706","targetHints":{"allow":["GET"]}}],"collection":[{"href":"https:\/\/www.3p-gmbh.de\/pt-br\/wp-json\/wp\/v2\/product"}],"about":[{"href":"https:\/\/www.3p-gmbh.de\/pt-br\/wp-json\/wp\/v2\/types\/product"}],"wp:featuredmedia":[{"embeddable":true,"href":"https:\/\/www.3p-gmbh.de\/pt-br\/wp-json\/wp\/v2\/media\/88208"}],"wp:attachment":[{"href":"https:\/\/www.3p-gmbh.de\/pt-br\/wp-json\/wp\/v2\/media?parent=88706"}],"wp:term":[{"taxonomy":"product_brand","embeddable":true,"href":"https:\/\/www.3p-gmbh.de\/pt-br\/wp-json\/wp\/v2\/product_brand?post=88706"},{"taxonomy":"product_cat","embeddable":true,"href":"https:\/\/www.3p-gmbh.de\/pt-br\/wp-json\/wp\/v2\/product_cat?post=88706"},{"taxonomy":"product_tag","embeddable":true,"href":"https:\/\/www.3p-gmbh.de\/pt-br\/wp-json\/wp\/v2\/product_tag?post=88706"}],"curies":[{"name":"wp","href":"https:\/\/api.w.org\/{rel}","templated":true}]}}

diversos Mesas de ar Polar Mohr &#8211; Mesas de embalagem Confeção &#8211; Mesas de ar

<p><strong>diversos Mesas de ar Polar Mohr &#8211; Mesas de embalagem Confeção &#8211; Mesas de ar</strong></p>
<p><strong>1 Mesa de ar Polar Mohr segmento 100&#215;100 cm (sem compressor)  </strong><br />
Superfície em aço inoxidável niquelado<br />
<em><strong>disponível 2</strong></em></p>
<p><strong>1 Mesa de ar Polar Mohr segmento 75&#215;100 cm (sem compressor)  </strong><br />
Superfície em aço inoxidável niquelado</p>
<p><strong>  1 Mesa de ar Polar Mohr segmento 100&#215;100 cm (sem compressor)  </strong><br />
Superfície resofágica com retropolímetro</p>
<p><strong>1 Segmento de mesa Polar Mohr 100&#215;100 cm sem jactos de ar</strong><br />
<em><strong>disponível 2</strong></em></p>
<p><strong>  1 Mesa de ar Polar Mohr segmento 75&#215;100 cm (sem compressor)  </strong><br />
Superfície resofal</p>
<p><strong>  1 Mesa de ar Polar Mohr segmento 75x75cm (sem compressor)  </strong><br />
Superfície resofal<br />
<strong>   <em>disponível 2</em></strong></p>
<p><strong>1 Mesa de transporte aéreo POLAR Mohr trapezoidal 100 x 98 x 24 x 100 cm com 2 pés</strong><br />
<strong>  <em>disponível 2</em></strong></p>
<p><strong>  1 Mesa de ar Polar Mohr segmento 50&#215;100 cm (sem compressor)  </strong><br />
Superfície resofal com proteção do dorso e das pernas</p>
<p><em><strong>adicionar . Compressor para almofada de ar Rietschle CEV 3709</strong></em><br />
Ventilador radial com três a cinco fases para funcionamento sob pressão.<br />
Design compacto.<br />
Temperatura baixa mesmo com estrangulamento.<br />
Arranque rápido graças à leveza dos impulsores.</p>

<p>diversos Mesas de ar Polar Mohr &#8211; Mesas de embalagem Confeção &#8211; Mesas de ar 1 Mesa de ar Polar Mohr segmento 100&#215;100 cm (sem compressor) Superfície em aço inoxidável niquelado disponível 2 1 Mesa de ar Polar Mohr segmento 75&#215;100 cm (sem compressor) Superfície em aço inoxidável niquelado 1 Mesa de ar Polar Mohr [&hellip;]</p>
