{"id":91211,"date":"2021-05-09T13:46:35","date_gmt":"2021-05-09T13:46:35","guid":{"rendered":"https:\/\/www.3p-gmbh.de\/produkt\/spectrodensitometre-compact-techkon-spectrodens-premium\/"},"modified":"2021-05-09T13:46:35","modified_gmt":"2021-05-09T13:46:35","slug":"densitometre-spectral-compact-techkon-spectrodens-premium","status":"publish","type":"product","link":"https:\/\/www.3p-gmbh.de\/fr\/produkt\/densitometre-spectral-compact-techkon-spectrodens-premium\/","title":{"rendered":"SpectroDensitom\u00e8tre compact Techkon SpectroDens Premium"},"content":{"rendered":"<p><strong>SpectroDensitom\u00e8tre compact Techkon SpectroDens Premium<\/strong><br \/>\n<strong>Ann\u00e9e de construction 2014<\/strong><br \/>\nSN A 802022<\/p>\n<p><strong><em>Fonctions :<\/em><\/strong><br \/>\nMesure automatique de la densit\u00e9, densit\u00e9 CMYK, couverture de surface, augmentation de la valeur tonale,<br \/>\nContraste d&rsquo;impression, balance des gris et des couleurs, acceptation des couleurs, courbe caract\u00e9ristique d&rsquo;impression, spectre de densit\u00e9,<br \/>\nDensit\u00e9 spectrale pour les couleurs d&rsquo;accompagnement, indicateur de tendance ExPresso mini, glisser\/d\u00e9poser,<br \/>\nCouverture de surface selon Yule-Nielsen pour les plaques d&rsquo;impression, CIE L*a*b*, \u0394E*a*b*, CIE L*C*h*ab,<br \/>\nCIE XYZ, \u0394E*cmc, \u0394E*CIE94, \u0394E*CIE2000, spectre de r\u00e9mission,<br \/>\nInkCheck : r\u00e9gulation des couleurs sp\u00e9ciales, biblioth\u00e8que de couleurs comprenant jusqu&rsquo;\u00e0 20 nuanciers et un total de 3 000 r\u00e9f\u00e9rences de couleurs,<br \/>\nM\u00e9moire de valeurs de mesure pour 1 200 \u00e9chantillons et 300 r\u00e9f\u00e9rences, \u00e9valuation de la gamme de supports Ugra\/Fogra,<br \/>\nContr\u00f4le ISO : R\u00e9gulation des couleurs selon ISO 12647, CIE L*u*v*, CIE L*C*h*uv, CIE xyY, DIN Lab99,<br \/>\nIndice de m\u00e9tam\u00e9risme, degr\u00e9 de blancheur, degr\u00e9 de jaune, tol\u00e9rance au passage\/\u00e0 l&rsquo;\u00e9chec, valeur moyenne<\/p>\n<p><em><strong>Contenu de la livraison :<\/strong><\/em><br \/>\nAppareil de mesure avec mallette, station de chargement et documentation, c\u00e2ble USB<\/p>\n","protected":false},"excerpt":{"rendered":"<p>SpectroDensitom\u00e8tre compact Techkon SpectroDens Premium Ann\u00e9e de construction 2014 SN A 802022 Fonctions : Mesure automatique de la densit\u00e9, densit\u00e9 CMYK, couverture de surface, augmentation de la valeur tonale, Contraste d&rsquo;impression, balance des gris et des couleurs, acceptation des couleurs, courbe caract\u00e9ristique d&rsquo;impression, spectre de densit\u00e9, Densit\u00e9 spectrale pour les couleurs d&rsquo;accompagnement, indicateur de tendance [&hellip;]<\/p>\n","protected":false},"featured_media":60210,"template":"","meta":[],"product_brand":[],"product_cat":[2930],"product_tag":[],"class_list":{"0":"post-91211","1":"product","2":"type-product","3":"status-publish","4":"has-post-thumbnail","6":"product_cat-instruments-de-mesure-et-assurance-qualite","7":"pa_hersteller-techkon","8":"pa_typ-spectrodens-premium","10":"first","11":"instock","12":"taxable","13":"shipping-taxable","14":"product-type-simple"},"jetpack_sharing_enabled":true,"_links":{"self":[{"href":"https:\/\/www.3p-gmbh.de\/fr\/wp-json\/wp\/v2\/product\/91211","targetHints":{"allow":["GET"]}}],"collection":[{"href":"https:\/\/www.3p-gmbh.de\/fr\/wp-json\/wp\/v2\/product"}],"about":[{"href":"https:\/\/www.3p-gmbh.de\/fr\/wp-json\/wp\/v2\/types\/product"}],"wp:featuredmedia":[{"embeddable":true,"href":"https:\/\/www.3p-gmbh.de\/fr\/wp-json\/wp\/v2\/media\/60210"}],"wp:attachment":[{"href":"https:\/\/www.3p-gmbh.de\/fr\/wp-json\/wp\/v2\/media?parent=91211"}],"wp:term":[{"taxonomy":"product_brand","embeddable":true,"href":"https:\/\/www.3p-gmbh.de\/fr\/wp-json\/wp\/v2\/product_brand?post=91211"},{"taxonomy":"product_cat","embeddable":true,"href":"https:\/\/www.3p-gmbh.de\/fr\/wp-json\/wp\/v2\/product_cat?post=91211"},{"taxonomy":"product_tag","embeddable":true,"href":"https:\/\/www.3p-gmbh.de\/fr\/wp-json\/wp\/v2\/product_tag?post=91211"}],"curies":[{"name":"wp","href":"https:\/\/api.w.org\/{rel}","templated":true}]}}

SpectroDensitomètre compact Techkon SpectroDens Premium

<p><strong>SpectroDensitomètre compact Techkon SpectroDens Premium</strong><br />
<strong>Année de construction 2014</strong><br />
SN A 802022</p>
<p><strong><em>Fonctions :</em></strong><br />
Mesure automatique de la densité, densité CMYK, couverture de surface, augmentation de la valeur tonale,<br />
Contraste d&rsquo;impression, balance des gris et des couleurs, acceptation des couleurs, courbe caractéristique d&rsquo;impression, spectre de densité,<br />
Densité spectrale pour les couleurs d&rsquo;accompagnement, indicateur de tendance ExPresso mini, glisser/déposer,<br />
Couverture de surface selon Yule-Nielsen pour les plaques d&rsquo;impression, CIE L*a*b*, ΔE*a*b*, CIE L*C*h*ab,<br />
CIE XYZ, ΔE*cmc, ΔE*CIE94, ΔE*CIE2000, spectre de rémission,<br />
InkCheck : régulation des couleurs spéciales, bibliothèque de couleurs comprenant jusqu&rsquo;à 20 nuanciers et un total de 3 000 références de couleurs,<br />
Mémoire de valeurs de mesure pour 1 200 échantillons et 300 références, évaluation de la gamme de supports Ugra/Fogra,<br />
Contrôle ISO : Régulation des couleurs selon ISO 12647, CIE L*u*v*, CIE L*C*h*uv, CIE xyY, DIN Lab99,<br />
Indice de métamérisme, degré de blancheur, degré de jaune, tolérance au passage/à l&rsquo;échec, valeur moyenne</p>
<p><em><strong>Contenu de la livraison :</strong></em><br />
Appareil de mesure avec mallette, station de chargement et documentation, câble USB</p>

<p>SpectroDensitomètre compact Techkon SpectroDens Premium Année de construction 2014 SN A 802022 Fonctions : Mesure automatique de la densité, densité CMYK, couverture de surface, augmentation de la valeur tonale, Contraste d&rsquo;impression, balance des gris et des couleurs, acceptation des couleurs, courbe caractéristique d&rsquo;impression, spectre de densité, Densité spectrale pour les couleurs d&rsquo;accompagnement, indicateur de tendance [&hellip;]</p>
