{"id":93534,"date":"2019-07-11T13:54:54","date_gmt":"2019-07-11T13:54:54","guid":{"rendered":"https:\/\/www.3p-gmbh.de\/produkt\/cortadora-apiladora-hidraulica-eba-551-de-krug-priester\/"},"modified":"2019-07-11T13:54:54","modified_gmt":"2019-07-11T13:54:54","slug":"cortadora-hidraulica-de-pilas","status":"publish","type":"product","link":"https:\/\/www.3p-gmbh.de\/es\/produkt\/cortadora-hidraulica-de-pilas\/","title":{"rendered":"Cortadora apiladora hidr\u00e1ulica EBA 551 de Krug &amp; Priester"},"content":{"rendered":"<ul>\n<li>con mesas auxiliares y barreras de luz<\/li>\n<li>accionamiento electromec\u00e1nico de la cuchilla<\/li>\n<li>Accionamiento hidr\u00e1ulico de la viga de prensado<\/li>\n<li>Presi\u00f3n de prensado regulable en continuo (m\u00edn. 200 daN, m\u00e1x. 1100 daN) con indicaci\u00f3n mediante man\u00f3metro<\/li>\n<li>Pedal para prensado previo o como \u00fatero de corte<\/li>\n<li>Tapa de la barra de prensado<\/li>\n<li>Tope trasero el\u00e9ctrico con control de programa profesional<\/li>\n<li>Volante electr\u00f3nico de regulaci\u00f3n continua de la velocidad para el ajuste fino manual del calibrador trasero<\/li>\n<li>Visor \u00f3ptico seccional con diodos emisores de luz (LED) de alta intensidad<\/li>\n<li>Viga de prensado guiada a ambos lados para una presi\u00f3n de prensado uniforme<\/li>\n<li>Husillo calibrador trasero de precisi\u00f3n<\/li>\n<li>Rastrillo trasero ajustable con paso estrecho (32 mm) y deslizaderas de pl\u00e1stico<\/li>\n<li>Dos topes laterales cada uno en la mesa delantera y trasera<\/li>\n<li>Portacuchillas totalmente de acero y gu\u00edas de cuchillas reajustables<\/li>\n<li>Dispositivo de seguridad giratorio con control electr\u00f3nico en la mesa delantera<\/li>\n<li>Cubierta de seguridad transparente en la mesa trasera<\/li>\n<li>Interruptor principal y cierre de seguridad con llave<\/li>\n<li>Liberaci\u00f3n de corte a dos manos con bloqueo de repetici\u00f3n y control de simultaneidad<\/li>\n<li>Longitud de corte: 520 mm<\/li>\n<li>m\u00e1x. Altura de corte: 80 mm<\/li>\n<li>Corte residual: 22 mm<\/li>\n<li>Corte residual con tapa de barra de prensado: 90 mm<\/li>\n<li>Profundidad de inserci\u00f3n: 520 mm<\/li>\n<\/ul>\n","protected":false},"excerpt":{"rendered":"<p>con mesas auxiliares y barreras de luz accionamiento electromec\u00e1nico de la cuchilla Accionamiento hidr\u00e1ulico de la viga de prensado Presi\u00f3n de prensado regulable en continuo (m\u00edn. 200 daN, m\u00e1x. 1100 daN) con indicaci\u00f3n mediante man\u00f3metro Pedal para prensado previo o como \u00fatero de corte Tapa de la barra de prensado Tope trasero el\u00e9ctrico con control [&hellip;]<\/p>\n","protected":false},"featured_media":65827,"template":"","meta":[],"product_brand":[],"product_cat":[3018],"product_tag":[],"class_list":{"0":"post-93534","1":"product","2":"type-product","3":"status-publish","4":"has-post-thumbnail","6":"product_cat-maquinas-de-corte-es","7":"pa_baujahr-182","8":"pa_hersteller-krug-priester","9":"pa_typ-eba-551","11":"first","12":"instock","13":"sold-individually","14":"taxable","15":"shipping-taxable","16":"purchasable","17":"product-type-simple"},"jetpack_sharing_enabled":true,"_links":{"self":[{"href":"https:\/\/www.3p-gmbh.de\/es\/wp-json\/wp\/v2\/product\/93534","targetHints":{"allow":["GET"]}}],"collection":[{"href":"https:\/\/www.3p-gmbh.de\/es\/wp-json\/wp\/v2\/product"}],"about":[{"href":"https:\/\/www.3p-gmbh.de\/es\/wp-json\/wp\/v2\/types\/product"}],"wp:featuredmedia":[{"embeddable":true,"href":"https:\/\/www.3p-gmbh.de\/es\/wp-json\/wp\/v2\/media\/65827"}],"wp:attachment":[{"href":"https:\/\/www.3p-gmbh.de\/es\/wp-json\/wp\/v2\/media?parent=93534"}],"wp:term":[{"taxonomy":"product_brand","embeddable":true,"href":"https:\/\/www.3p-gmbh.de\/es\/wp-json\/wp\/v2\/product_brand?post=93534"},{"taxonomy":"product_cat","embeddable":true,"href":"https:\/\/www.3p-gmbh.de\/es\/wp-json\/wp\/v2\/product_cat?post=93534"},{"taxonomy":"product_tag","embeddable":true,"href":"https:\/\/www.3p-gmbh.de\/es\/wp-json\/wp\/v2\/product_tag?post=93534"}],"curies":[{"name":"wp","href":"https:\/\/api.w.org\/{rel}","templated":true}]}}

Cortadora apiladora hidráulica EBA 551 de Krug &amp; Priester

<ul>
<li>con mesas auxiliares y barreras de luz</li>
<li>accionamiento electromecánico de la cuchilla</li>
<li>Accionamiento hidráulico de la viga de prensado</li>
<li>Presión de prensado regulable en continuo (mín. 200 daN, máx. 1100 daN) con indicación mediante manómetro</li>
<li>Pedal para prensado previo o como útero de corte</li>
<li>Tapa de la barra de prensado</li>
<li>Tope trasero eléctrico con control de programa profesional</li>
<li>Volante electrónico de regulación continua de la velocidad para el ajuste fino manual del calibrador trasero</li>
<li>Visor óptico seccional con diodos emisores de luz (LED) de alta intensidad</li>
<li>Viga de prensado guiada a ambos lados para una presión de prensado uniforme</li>
<li>Husillo calibrador trasero de precisión</li>
<li>Rastrillo trasero ajustable con paso estrecho (32 mm) y deslizaderas de plástico</li>
<li>Dos topes laterales cada uno en la mesa delantera y trasera</li>
<li>Portacuchillas totalmente de acero y guías de cuchillas reajustables</li>
<li>Dispositivo de seguridad giratorio con control electrónico en la mesa delantera</li>
<li>Cubierta de seguridad transparente en la mesa trasera</li>
<li>Interruptor principal y cierre de seguridad con llave</li>
<li>Liberación de corte a dos manos con bloqueo de repetición y control de simultaneidad</li>
<li>Longitud de corte: 520 mm</li>
<li>máx. Altura de corte: 80 mm</li>
<li>Corte residual: 22 mm</li>
<li>Corte residual con tapa de barra de prensado: 90 mm</li>
<li>Profundidad de inserción: 520 mm</li>
</ul>

<p>con mesas auxiliares y barreras de luz accionamiento electromecánico de la cuchilla Accionamiento hidráulico de la viga de prensado Presión de prensado regulable en continuo (mín. 200 daN, máx. 1100 daN) con indicación mediante manómetro Pedal para prensado previo o como útero de corte Tapa de la barra de prensado Tope trasero eléctrico con control [&hellip;]</p>
