{"id":93509,"date":"2019-07-11T13:54:54","date_gmt":"2019-07-11T13:54:54","guid":{"rendered":"https:\/\/www.3p-gmbh.de\/produkt\/linea-de-nieve-polar-mohr-92-ed-medio-formato\/"},"modified":"2019-07-11T13:54:54","modified_gmt":"2019-07-11T13:54:54","slug":"linea-de-corte-de-medio-formato","status":"publish","type":"product","link":"https:\/\/www.3p-gmbh.de\/es\/produkt\/linea-de-corte-de-medio-formato\/","title":{"rendered":"L\u00ednea de Nieve Polar Mohr 92 ED Medio Formato"},"content":{"rendered":"<p>Cortadora de alta velocidad Polar 92 ED<\/p>\n<ul>\n<li>A\u00f1o de fabricaci\u00f3n 2001<\/li>\n<li>Anchura de corte: 92 cm<\/li>\n<li>ED Control del programa<\/li>\n<li>Barrera de luz, mesa de aire cromada<\/li>\n<li>2 mesas Resophal 75x100cm con esquinas de transferencia<\/li>\n<li>Tapa de la mesa trasera<\/li>\n<\/ul>\n<p>Jogger autom\u00e1tico Polar RA-2 con rodillo de descarga neum\u00e1tica y topes de plegado neum\u00e1ticos<\/p>\n<ul>\n<li>A\u00f1o de fabricaci\u00f3n 2000<\/li>\n<li>Superficie de la mesa chapada en acero inoxidable 72 x 87 cm<\/li>\n<li>Altura de capa m\u00edn. 30 mm<\/li>\n<li>Altura m\u00e1xima de la capa 165 mm<\/li>\n<li>Altura de la mesa 860 &#8211; 950 mm<\/li>\n<li>Consumo de aire comprimido a 6 &#8211; 8 bar aprox. 2L\/min<\/li>\n<\/ul>\n<p>Como opci\u00f3n: elevador apilable Polar Mohr LW 450<\/p>\n<ul>\n<li>Ba\u00f1era (dimensiones interiores) 62 x 90 cm<\/li>\n<li>Carrera hasta 85 cm<\/li>\n<li>Altura (a la carrera m\u00e1xima) 150 cm<\/li>\n<li>Capacidad de carga m\u00e1xima 450 kg<\/li>\n<\/ul>\n","protected":false},"excerpt":{"rendered":"<p>Cortadora de alta velocidad Polar 92 ED A\u00f1o de fabricaci\u00f3n 2001 Anchura de corte: 92 cm ED Control del programa Barrera de luz, mesa de aire cromada 2 mesas Resophal 75x100cm con esquinas de transferencia Tapa de la mesa trasera Jogger autom\u00e1tico Polar RA-2 con rodillo de descarga neum\u00e1tica y topes de plegado neum\u00e1ticos A\u00f1o [&hellip;]<\/p>\n","protected":false},"featured_media":65899,"template":"","meta":[],"product_brand":[],"product_cat":[3018],"product_tag":[],"class_list":{"0":"post-93509","1":"product","2":"type-product","3":"status-publish","4":"has-post-thumbnail","6":"product_cat-maquinas-de-corte-es","7":"pa_baujahr-153","8":"pa_hersteller-polar-mohr","9":"pa_typ-polar-92-ed-mit-ruettler-ra-2-und-lift","11":"first","12":"instock","13":"sold-individually","14":"taxable","15":"shipping-taxable","16":"purchasable","17":"product-type-simple"},"jetpack_sharing_enabled":true,"_links":{"self":[{"href":"https:\/\/www.3p-gmbh.de\/es\/wp-json\/wp\/v2\/product\/93509","targetHints":{"allow":["GET"]}}],"collection":[{"href":"https:\/\/www.3p-gmbh.de\/es\/wp-json\/wp\/v2\/product"}],"about":[{"href":"https:\/\/www.3p-gmbh.de\/es\/wp-json\/wp\/v2\/types\/product"}],"wp:featuredmedia":[{"embeddable":true,"href":"https:\/\/www.3p-gmbh.de\/es\/wp-json\/wp\/v2\/media\/65899"}],"wp:attachment":[{"href":"https:\/\/www.3p-gmbh.de\/es\/wp-json\/wp\/v2\/media?parent=93509"}],"wp:term":[{"taxonomy":"product_brand","embeddable":true,"href":"https:\/\/www.3p-gmbh.de\/es\/wp-json\/wp\/v2\/product_brand?post=93509"},{"taxonomy":"product_cat","embeddable":true,"href":"https:\/\/www.3p-gmbh.de\/es\/wp-json\/wp\/v2\/product_cat?post=93509"},{"taxonomy":"product_tag","embeddable":true,"href":"https:\/\/www.3p-gmbh.de\/es\/wp-json\/wp\/v2\/product_tag?post=93509"}],"curies":[{"name":"wp","href":"https:\/\/api.w.org\/{rel}","templated":true}]}}

Línea de Nieve Polar Mohr 92 ED Medio Formato

<p>Cortadora de alta velocidad Polar 92 ED</p>
<ul>
<li>Año de fabricación 2001</li>
<li>Anchura de corte: 92 cm</li>
<li>ED Control del programa</li>
<li>Barrera de luz, mesa de aire cromada</li>
<li>2 mesas Resophal 75x100cm con esquinas de transferencia</li>
<li>Tapa de la mesa trasera</li>
</ul>
<p>Jogger automático Polar RA-2 con rodillo de descarga neumática y topes de plegado neumáticos</p>
<ul>
<li>Año de fabricación 2000</li>
<li>Superficie de la mesa chapada en acero inoxidable 72 x 87 cm</li>
<li>Altura de capa mín. 30 mm</li>
<li>Altura máxima de la capa 165 mm</li>
<li>Altura de la mesa 860 &#8211; 950 mm</li>
<li>Consumo de aire comprimido a 6 &#8211; 8 bar aprox. 2L/min</li>
</ul>
<p>Como opción: elevador apilable Polar Mohr LW 450</p>
<ul>
<li>Bañera (dimensiones interiores) 62 x 90 cm</li>
<li>Carrera hasta 85 cm</li>
<li>Altura (a la carrera máxima) 150 cm</li>
<li>Capacidad de carga máxima 450 kg</li>
</ul>

<p>Cortadora de alta velocidad Polar 92 ED Año de fabricación 2001 Anchura de corte: 92 cm ED Control del programa Barrera de luz, mesa de aire cromada 2 mesas Resophal 75x100cm con esquinas de transferencia Tapa de la mesa trasera Jogger automático Polar RA-2 con rodillo de descarga neumática y topes de plegado neumáticos Año [&hellip;]</p>
