{"id":93506,"date":"2019-07-11T13:54:54","date_gmt":"2019-07-11T13:54:54","guid":{"rendered":"https:\/\/www.3p-gmbh.de\/produkt\/maquina-de-corte-polar-mohr-66\/"},"modified":"2019-07-11T13:54:54","modified_gmt":"2019-07-11T13:54:54","slug":"maquina-de-corte-4","status":"publish","type":"product","link":"https:\/\/www.3p-gmbh.de\/es\/produkt\/maquina-de-corte-4\/","title":{"rendered":"M\u00e1quina de corte Polar Mohr 66"},"content":{"rendered":"<ul>\n<li>Longitud de corte 67 cm<\/li>\n<li>Altura del inserto 8 cm<\/li>\n<li>Profundidad de inserci\u00f3n 67 cm<\/li>\n<li>Memoria de programas 99 programas<\/li>\n<\/ul>\n<p>Todas las capas de corte hasta la altura total de la plaquita de ocho cent\u00edmetros pueden girarse c\u00f3modamente en la mesa frontal y colocarse en la superficie cerrada y resistente a la corrosi\u00f3n de la mesa para el corte correspondiente. Gracias a su f\u00e1cil manejo, la Polar 66 puede ponerse en funcionamiento en muy poco tiempo. El indicador \u00f3ptico de corte muestra exactamente d\u00f3nde se realizar\u00e1 el corte. Puede crear por imagen de impresi\u00f3n o por marcas de corte. El acabado se realiza con un volante electr\u00f3nico. El corte s\u00f3lo es posible con el desbloqueo de corte a dos manos. Las rejillas de luz infrarroja y el revestimiento integral proporcionan protecci\u00f3n adicional al operador. Corte controlado por programa, por lo que se omiten todos los ajustes manuales de tierra.<\/p>\n","protected":false},"excerpt":{"rendered":"<p>Longitud de corte 67 cm Altura del inserto 8 cm Profundidad de inserci\u00f3n 67 cm Memoria de programas 99 programas Todas las capas de corte hasta la altura total de la plaquita de ocho cent\u00edmetros pueden girarse c\u00f3modamente en la mesa frontal y colocarse en la superficie cerrada y resistente a la corrosi\u00f3n de la [&hellip;]<\/p>\n","protected":false},"featured_media":65911,"template":"","meta":[],"product_brand":[],"product_cat":[3018],"product_tag":[],"class_list":{"0":"post-93506","1":"product","2":"type-product","3":"status-publish","4":"has-post-thumbnail","6":"product_cat-maquinas-de-corte-es","7":"pa_baujahr-145","8":"pa_hersteller-polar-mohr-hofheim","9":"pa_typ-polar-66","11":"first","12":"instock","13":"sold-individually","14":"taxable","15":"shipping-taxable","16":"purchasable","17":"product-type-simple"},"jetpack_sharing_enabled":true,"_links":{"self":[{"href":"https:\/\/www.3p-gmbh.de\/es\/wp-json\/wp\/v2\/product\/93506","targetHints":{"allow":["GET"]}}],"collection":[{"href":"https:\/\/www.3p-gmbh.de\/es\/wp-json\/wp\/v2\/product"}],"about":[{"href":"https:\/\/www.3p-gmbh.de\/es\/wp-json\/wp\/v2\/types\/product"}],"wp:featuredmedia":[{"embeddable":true,"href":"https:\/\/www.3p-gmbh.de\/es\/wp-json\/wp\/v2\/media\/65911"}],"wp:attachment":[{"href":"https:\/\/www.3p-gmbh.de\/es\/wp-json\/wp\/v2\/media?parent=93506"}],"wp:term":[{"taxonomy":"product_brand","embeddable":true,"href":"https:\/\/www.3p-gmbh.de\/es\/wp-json\/wp\/v2\/product_brand?post=93506"},{"taxonomy":"product_cat","embeddable":true,"href":"https:\/\/www.3p-gmbh.de\/es\/wp-json\/wp\/v2\/product_cat?post=93506"},{"taxonomy":"product_tag","embeddable":true,"href":"https:\/\/www.3p-gmbh.de\/es\/wp-json\/wp\/v2\/product_tag?post=93506"}],"curies":[{"name":"wp","href":"https:\/\/api.w.org\/{rel}","templated":true}]}}

Máquina de corte Polar Mohr 66

<ul>
<li>Longitud de corte 67 cm</li>
<li>Altura del inserto 8 cm</li>
<li>Profundidad de inserción 67 cm</li>
<li>Memoria de programas 99 programas</li>
</ul>
<p>Todas las capas de corte hasta la altura total de la plaquita de ocho centímetros pueden girarse cómodamente en la mesa frontal y colocarse en la superficie cerrada y resistente a la corrosión de la mesa para el corte correspondiente. Gracias a su fácil manejo, la Polar 66 puede ponerse en funcionamiento en muy poco tiempo. El indicador óptico de corte muestra exactamente dónde se realizará el corte. Puede crear por imagen de impresión o por marcas de corte. El acabado se realiza con un volante electrónico. El corte sólo es posible con el desbloqueo de corte a dos manos. Las rejillas de luz infrarroja y el revestimiento integral proporcionan protección adicional al operador. Corte controlado por programa, por lo que se omiten todos los ajustes manuales de tierra.</p>

<p>Longitud de corte 67 cm Altura del inserto 8 cm Profundidad de inserción 67 cm Memoria de programas 99 programas Todas las capas de corte hasta la altura total de la plaquita de ocho centímetros pueden girarse cómodamente en la mesa frontal y colocarse en la superficie cerrada y resistente a la corrosión de la [&hellip;]</p>
