{"id":92242,"date":"2019-07-11T13:57:16","date_gmt":"2019-07-11T13:57:16","guid":{"rendered":"https:\/\/www.3p-gmbh.de\/produkt\/taladradora-de-papel-de-cuatro-husillos-duerselen-corta-pb-04\/"},"modified":"2019-07-11T13:57:16","modified_gmt":"2019-07-11T13:57:16","slug":"taladradora-industrial-de-papel-de-cuatro-husillos","status":"publish","type":"product","link":"https:\/\/www.3p-gmbh.de\/es\/produkt\/taladradora-industrial-de-papel-de-cuatro-husillos\/","title":{"rendered":"Taladradora de papel de cuatro husillos D\u00fcrselen Corta PB-04"},"content":{"rendered":"<p><strong>Taladradora de papel de 4 husillos D\u00fcrselen PB 04 con refrigeraci\u00f3n de la broca<\/strong><br \/>\n<strong>de yr. 2001<\/strong><\/p>\n<ul>\n<li>4 cabezales de perforaci\u00f3n (opcionalmente ampliables a 6 )<\/li>\n<li>Altura de apilado m\u00e1x. 50 mm<\/li>\n<li>Profundidad de inserci\u00f3n 25mm detr\u00e1s de las brocas<\/li>\n<li>Tama\u00f1o de la mesa deslizante antes de taladrar 300 mm<\/li>\n<li>Anchura del carro 450 mm<\/li>\n<li>Di\u00e1metro del orificio 3 &#8211; 14 mm<\/li>\n<li>Distancia entre orificios de 31,7 a 293 mm<\/li>\n<li>Distancia entre agujeros con el uso de la mesa deslizante 1mm a<\/li>\n<li>Compensaci\u00f3n sencilla de la longitud de perforaci\u00f3n<\/li>\n<li>Espacio necesario An 770 x Pr 760 x Al 1350 mm<\/li>\n<li>275 kg<\/li>\n<\/ul>\n","protected":false},"excerpt":{"rendered":"<p>Taladradora de papel de 4 husillos D\u00fcrselen PB 04 con refrigeraci\u00f3n de la broca de yr. 2001 4 cabezales de perforaci\u00f3n (opcionalmente ampliables a 6 ) Altura de apilado m\u00e1x. 50 mm Profundidad de inserci\u00f3n 25mm detr\u00e1s de las brocas Tama\u00f1o de la mesa deslizante antes de taladrar 300 mm Anchura del carro 450 mm [&hellip;]<\/p>\n","protected":false},"featured_media":84455,"template":"","meta":[],"product_brand":[],"product_cat":[2956],"product_tag":[],"class_list":{"0":"post-92242","1":"product","2":"type-product","3":"status-publish","4":"has-post-thumbnail","6":"product_cat-taladros-de-papel","7":"pa_baujahr-130","8":"pa_hersteller-duerselen","9":"pa_typ-corta-pb-04","11":"first","12":"instock","13":"sold-individually","14":"taxable","15":"shipping-taxable","16":"purchasable","17":"product-type-simple"},"jetpack_sharing_enabled":true,"_links":{"self":[{"href":"https:\/\/www.3p-gmbh.de\/es\/wp-json\/wp\/v2\/product\/92242","targetHints":{"allow":["GET"]}}],"collection":[{"href":"https:\/\/www.3p-gmbh.de\/es\/wp-json\/wp\/v2\/product"}],"about":[{"href":"https:\/\/www.3p-gmbh.de\/es\/wp-json\/wp\/v2\/types\/product"}],"wp:featuredmedia":[{"embeddable":true,"href":"https:\/\/www.3p-gmbh.de\/es\/wp-json\/wp\/v2\/media\/84455"}],"wp:attachment":[{"href":"https:\/\/www.3p-gmbh.de\/es\/wp-json\/wp\/v2\/media?parent=92242"}],"wp:term":[{"taxonomy":"product_brand","embeddable":true,"href":"https:\/\/www.3p-gmbh.de\/es\/wp-json\/wp\/v2\/product_brand?post=92242"},{"taxonomy":"product_cat","embeddable":true,"href":"https:\/\/www.3p-gmbh.de\/es\/wp-json\/wp\/v2\/product_cat?post=92242"},{"taxonomy":"product_tag","embeddable":true,"href":"https:\/\/www.3p-gmbh.de\/es\/wp-json\/wp\/v2\/product_tag?post=92242"}],"curies":[{"name":"wp","href":"https:\/\/api.w.org\/{rel}","templated":true}]}}

Taladradora de papel de cuatro husillos Dürselen Corta PB-04

<p><strong>Taladradora de papel de 4 husillos Dürselen PB 04 con refrigeración de la broca</strong><br />
<strong>de yr. 2001</strong></p>
<ul>
<li>4 cabezales de perforación (opcionalmente ampliables a 6 )</li>
<li>Altura de apilado máx. 50 mm</li>
<li>Profundidad de inserción 25mm detrás de las brocas</li>
<li>Tamaño de la mesa deslizante antes de taladrar 300 mm</li>
<li>Anchura del carro 450 mm</li>
<li>Diámetro del orificio 3 &#8211; 14 mm</li>
<li>Distancia entre orificios de 31,7 a 293 mm</li>
<li>Distancia entre agujeros con el uso de la mesa deslizante 1mm a</li>
<li>Compensación sencilla de la longitud de perforación</li>
<li>Espacio necesario An 770 x Pr 760 x Al 1350 mm</li>
<li>275 kg</li>
</ul>

<p>Taladradora de papel de 4 husillos Dürselen PB 04 con refrigeración de la broca de yr. 2001 4 cabezales de perforación (opcionalmente ampliables a 6 ) Altura de apilado máx. 50 mm Profundidad de inserción 25mm detrás de las brocas Tamaño de la mesa deslizante antes de taladrar 300 mm Anchura del carro 450 mm [&hellip;]</p>
