{"id":89497,"date":"2022-08-02T14:21:32","date_gmt":"2022-08-02T14:21:32","guid":{"rendered":"https:\/\/www.3p-gmbh.de\/produkt\/maquina-de-corte-polar-55-em\/"},"modified":"2022-08-02T14:21:32","modified_gmt":"2022-08-02T14:21:32","slug":"cortadora-polar-55-em","status":"publish","type":"product","link":"https:\/\/www.3p-gmbh.de\/es\/produkt\/cortadora-polar-55-em\/","title":{"rendered":"M\u00e1quina de corte POLAR 55 EM"},"content":{"rendered":"<p><strong>M\u00e1quina de corte POLAR 55 EM  <\/strong><br \/>\n<strong>A\u00f1o de fabricaci\u00f3n 1987<\/strong><\/p>\n<p><strong>SN 5751401<\/strong><\/p>\n<p>Control del programa EM<br \/>\nAjuste de la presi\u00f3n de prensado<br \/>\nAnchura de corte: 55 cm<br \/>\nProfundidad de inserci\u00f3n : 55cm<br \/>\nm\u00e1x. Altura de inserci\u00f3n: 10 cm<\/p>\n<p>Dos cuchillos<\/p>\n","protected":false},"excerpt":{"rendered":"<p>M\u00e1quina de corte POLAR 55 EM A\u00f1o de fabricaci\u00f3n 1987 SN 5751401 Control del programa EM Ajuste de la presi\u00f3n de prensado Anchura de corte: 55 cm Profundidad de inserci\u00f3n : 55cm m\u00e1x. Altura de inserci\u00f3n: 10 cm Dos cuchillos<\/p>\n","protected":false},"featured_media":83990,"template":"","meta":[],"product_brand":[],"product_cat":[3018],"product_tag":[],"class_list":{"0":"post-89497","1":"product","2":"type-product","3":"status-publish","4":"has-post-thumbnail","6":"product_cat-maquinas-de-corte-es","7":"pa_hersteller-polar-mohr","8":"pa_typ-polar-55-em","10":"first","11":"instock","12":"taxable","13":"shipping-taxable","14":"product-type-simple"},"jetpack_sharing_enabled":true,"_links":{"self":[{"href":"https:\/\/www.3p-gmbh.de\/es\/wp-json\/wp\/v2\/product\/89497","targetHints":{"allow":["GET"]}}],"collection":[{"href":"https:\/\/www.3p-gmbh.de\/es\/wp-json\/wp\/v2\/product"}],"about":[{"href":"https:\/\/www.3p-gmbh.de\/es\/wp-json\/wp\/v2\/types\/product"}],"wp:featuredmedia":[{"embeddable":true,"href":"https:\/\/www.3p-gmbh.de\/es\/wp-json\/wp\/v2\/media\/83990"}],"wp:attachment":[{"href":"https:\/\/www.3p-gmbh.de\/es\/wp-json\/wp\/v2\/media?parent=89497"}],"wp:term":[{"taxonomy":"product_brand","embeddable":true,"href":"https:\/\/www.3p-gmbh.de\/es\/wp-json\/wp\/v2\/product_brand?post=89497"},{"taxonomy":"product_cat","embeddable":true,"href":"https:\/\/www.3p-gmbh.de\/es\/wp-json\/wp\/v2\/product_cat?post=89497"},{"taxonomy":"product_tag","embeddable":true,"href":"https:\/\/www.3p-gmbh.de\/es\/wp-json\/wp\/v2\/product_tag?post=89497"}],"curies":[{"name":"wp","href":"https:\/\/api.w.org\/{rel}","templated":true}]}}

Máquina de corte POLAR 55 EM

<p><strong>Máquina de corte POLAR 55 EM  </strong><br />
<strong>Año de fabricación 1987</strong></p>
<p><strong>SN 5751401</strong></p>
<p>Control del programa EM<br />
Ajuste de la presión de prensado<br />
Anchura de corte: 55 cm<br />
Profundidad de inserción : 55cm<br />
máx. Altura de inserción: 10 cm</p>
<p>Dos cuchillos</p>

<p>Máquina de corte POLAR 55 EM Año de fabricación 1987 SN 5751401 Control del programa EM Ajuste de la presión de prensado Anchura de corte: 55 cm Profundidad de inserción : 55cm máx. Altura de inserción: 10 cm Dos cuchillos</p>
