{"id":109188,"date":"2021-01-11T11:35:53","date_gmt":"2021-01-11T11:35:53","guid":{"rendered":"https:\/\/www.3p-gmbh.de\/produkt\/profitec-popp-mobile-hoejdejusterbar-arkvenderlomme-med-skraa-rulleindfoering\/"},"modified":"2021-01-11T11:35:53","modified_gmt":"2021-01-11T11:35:53","slug":"profitec-popp-mobile-hoejdejusterbar-arkvenderlomme-med-skraa-rulleindfoering","status":"publish","type":"product","link":"https:\/\/www.3p-gmbh.de\/da\/produkt\/profitec-popp-mobile-hoejdejusterbar-arkvenderlomme-med-skraa-rulleindfoering\/","title":{"rendered":"Profitec Popp mobile &#8211; h\u00f8jdejusterbar arkvenderlomme med skr\u00e5 rulleindf\u00f8ring"},"content":{"rendered":"<div><span style=\"font-family: Arial;\">Indl\u00f8bsbredde 650 mm<\/span><\/div>\n<div><\/div>\n<div><span style=\"font-family: Arial;\">Pladevenderen g\u00f8r det muligt at vende flade plader med en sp\u00e6ndeplade i k\u00f8rselsretningen.<\/span><\/div>\n<div><span style=\"font-family: Arial;\">Det betyder, at arkene kan printes eller m\u00e6rkes p\u00e5 begge sider.<\/span><\/div>\n<div><\/div>\n<div><span style=\"font-family: Arial;\">Import- og eksporttransportrullerne er segmenteret,<\/span><\/div>\n<div><span style=\"font-family: Arial;\">hastigheden p\u00e5 det skr\u00e5 rullebord og lommeindf\u00f8ringen<\/span><\/div>\n<div><span style=\"font-family: Arial;\">kan justeres separat<\/span><\/div>\n","protected":false},"excerpt":{"rendered":"<p>Indl\u00f8bsbredde 650 mm Pladevenderen g\u00f8r det muligt at vende flade plader med en sp\u00e6ndeplade i k\u00f8rselsretningen. Det betyder, at arkene kan printes eller m\u00e6rkes p\u00e5 begge sider. Import- og eksporttransportrullerne er segmenteret, hastigheden p\u00e5 det skr\u00e5 rullebord og lommeindf\u00f8ringen kan justeres separat<\/p>\n","protected":false},"featured_media":109190,"template":"","meta":[],"product_brand":[],"product_cat":[3316],"product_tag":[],"class_list":{"0":"post-109188","1":"product","2":"type-product","3":"status-publish","4":"has-post-thumbnail","6":"product_cat-tilbehoer-til-foldemaskiner","7":"pa_hersteller-popp-maschinenbau","8":"pa_typ-mobile","10":"first","11":"instock","12":"taxable","13":"shipping-taxable","14":"product-type-simple"},"jetpack_sharing_enabled":true,"_links":{"self":[{"href":"https:\/\/www.3p-gmbh.de\/da\/wp-json\/wp\/v2\/product\/109188","targetHints":{"allow":["GET"]}}],"collection":[{"href":"https:\/\/www.3p-gmbh.de\/da\/wp-json\/wp\/v2\/product"}],"about":[{"href":"https:\/\/www.3p-gmbh.de\/da\/wp-json\/wp\/v2\/types\/product"}],"wp:featuredmedia":[{"embeddable":true,"href":"https:\/\/www.3p-gmbh.de\/da\/wp-json\/wp\/v2\/media\/109190"}],"wp:attachment":[{"href":"https:\/\/www.3p-gmbh.de\/da\/wp-json\/wp\/v2\/media?parent=109188"}],"wp:term":[{"taxonomy":"product_brand","embeddable":true,"href":"https:\/\/www.3p-gmbh.de\/da\/wp-json\/wp\/v2\/product_brand?post=109188"},{"taxonomy":"product_cat","embeddable":true,"href":"https:\/\/www.3p-gmbh.de\/da\/wp-json\/wp\/v2\/product_cat?post=109188"},{"taxonomy":"product_tag","embeddable":true,"href":"https:\/\/www.3p-gmbh.de\/da\/wp-json\/wp\/v2\/product_tag?post=109188"}],"curies":[{"name":"wp","href":"https:\/\/api.w.org\/{rel}","templated":true}]}}

Profitec Popp mobile &#8211; højdejusterbar arkvenderlomme med skrå rulleindføring

<div><span style="font-family: Arial;">Indløbsbredde 650 mm</span></div>
<div></div>
<div><span style="font-family: Arial;">Pladevenderen gør det muligt at vende flade plader med en spændeplade i kørselsretningen.</span></div>
<div><span style="font-family: Arial;">Det betyder, at arkene kan printes eller mærkes på begge sider.</span></div>
<div></div>
<div><span style="font-family: Arial;">Import- og eksporttransportrullerne er segmenteret,</span></div>
<div><span style="font-family: Arial;">hastigheden på det skrå rullebord og lommeindføringen</span></div>
<div><span style="font-family: Arial;">kan justeres separat</span></div>

<p>Indløbsbredde 650 mm Pladevenderen gør det muligt at vende flade plader med en spændeplade i kørselsretningen. Det betyder, at arkene kan printes eller mærkes på begge sider. Import- og eksporttransportrullerne er segmenteret, hastigheden på det skrå rullebord og lommeindføringen kan justeres separat</p>
